of c(t). Is l(-9) a composite number?
False
Is 83158*(13 - 200/16) prime?
True
Let o(w) = 959*w**2 + 100*w - 16. Is o(-9) a composite number?
True
Suppose -2643 = -2*v - 889. Let t = -176 + v. Is t composite?
False
Let o = 212243 - 102154. Is o composite?
True
Let r = -7620 + 16813. Is r composite?
True
Suppose -5*m + 3*x = 3567, -x + 847 = -2*m - 580. Let b(d) = 75*d - 18. Let h be b(-5). Let r = h - m. Is r prime?
False
Let a(v) = 4*v - 14 - 11 - 7. Let l be a(6). Is 10040/(-10)*2*7/l composite?
True
Suppose 6 = -4*m - 10, -5*a = -5*m - 70. Let v(c) = -c**2 + 9*c + 10. Let d be v(a). Suppose -n - n + 1706 = d. Is n a composite number?
False
Suppose 400*o - 68193323 - 22319453 = -15269976. Is o a prime number?
True
Suppose 3*r = -729 + 2001. Let j = 1920 - r. Let i = j + -397. Is i a composite number?
True
Let m = 130161 - -139378. Is m a prime number?
True
Let m(o) be the second derivative of -o**3/3 + 13*o**2/2 - 31*o. Let j be m(3). Is 163/1*7/j prime?
True
Let h be 15/(((-12)/6)/((-4)/6)). Suppose 3*l + h*r - 931 = 0, 6*l + 5*r + 1605 = 11*l. Is l a prime number?
True
Let z(w) = 17805*w**2 - 13*w + 59. Is z(-3) a prime number?
True
Let w be -1*(11 + -1)*7495/(-10). Suppose 3*g - 1516 = -c, -w = -5*c - g + 3*g. Suppose -2*s + 3*z + c = -639, -6 = -3*z. Is s a composite number?
True
Let a = -77 - -69. Let s be 11913 - (46/14 + a/28). Is (s/45)/((-2)/(-21)) a composite number?
True
Suppose 3*h - 40 = -2*h + 4*l, -5*l = 0. Suppose -z + 6003 = h*z. Is z composite?
True
Let j(f) = 13239*f**2 + 162*f + 814. Is j(-5) composite?
True
Let g(d) = 100*d + 235. Let k be (-5)/((-490)/91 - -5). Is g(k) a prime number?
False
Suppose 5*r = 5*c + 7016930, -36*r - c = -33*r - 4210146. Is r prime?
True
Let h(u) = 5 + 33171*u - 16525*u - 17543*u. Let r be 2/(-7) - 26/7. Is h(r) a prime number?
True
Let n(m) = -24*m**3 + 7*m**2 + 99*m + 849. Is n(-8) composite?
True
Let y(s) = -4*s. Let v be y(1). Let j(b) be the first derivative of -44*b**2 + 15*b - 12. Is j(v) a prime number?
True
Let k be (-4)/(8*(-6)/60). Suppose 3*u = 6*u + 2*z - 7743, 0 = -4*u + k*z + 10301. Is u a prime number?
True
Suppose 0 = -5*i + i + 32. Let p(a) be the second derivative of a**4/3 - a**3 + 13*a**2/2 - 4*a. Is p(i) a composite number?
True
Suppose -145*g = -14621715 - 1477490. Is g prime?
True
Suppose 212*q = -16*q + 406170372. Is q composite?
False
Let k = 594367 + -304164. Is k composite?
True
Let a(k) = k**3 - 7*k**2 - 7*k + 24. Let d be a(7). Let h(o) = o**2 + 26*o + 27. Let t be h(d). Suppose -m + 20 = t*s - 5, 0 = -4*s + 12. Is m composite?
False
Is ((-189)/126)/(6/(-3204776)) a prime number?
False
Let v be 4/(((0 - -3) + -1)/(-2)). Let n be 6530/(-6)*(v - 15/3). Suppose -6*q = -11*q + n. Is q composite?
True
Let i = 465 - 233. Let z = i - -1589. Is z composite?
True
Suppose -19*b - 21*b = 1632941 - 26087541. Is b prime?
False
Suppose 4*d + 2*t - 7*t = -21, -12 = d + t. Let l(w) = w**3 + 14*w**2 + 8*w + 13. Let x be l(d). Let b = 693 + x. Is b a prime number?
True
Suppose 0 = -9*o - 47 - 61. Let f be 54/o*4/(-6). Suppose f*x + 900 = 3531. Is x a composite number?
False
Let i = 137 + -139. Let g be (28/(-8) + 2)*i. Is (9742 + g + 0)*(-5 - -6) prime?
False
Suppose -54 = f + 2*f. Let i(z) = 3*z**3 - 16*z**2 + 3*z - 9. Let b(t) = -5*t**3 + 17*t**2 + 5*t + 10. Let r(m) = 2*b(m) + 3*i(m). Is r(f) a prime number?
True
Let f be ((-8)/(-12))/(4/(-18)). Let k(d) = -3 - 1 - 3*d**2 - 11*d**3 + 20*d - 21*d. Is k(f) a prime number?
True
Suppose q = -a + 937, 2*q + a = 589 + 1290. Suppose 2*k + 18 = 2. Is (q/k)/((-6)/16) composite?
True
Let j = 14774 + -25422. Let a = 24755 + j. Is a a prime number?
True
Suppose 0 = 12*g + 35*g + 42*g - 5423749. Is g prime?
False
Let r(w) = 8*w**3 - 3*w**2 - 3*w - 9. Let z be r(-5). Let d = z + 1700. Is d a composite number?
False
Is 35504538/42 + (-2)/14 + (-8)/(-8) composite?
False
Let q(g) = -2605*g + 34. Let p(d) = -2. Let z(b) = -5*p(b) - q(b). Is z(5) a composite number?
False
Let f(h) = -4*h + 105. Let k be f(13). Suppose -q = -0*q - k. Is q prime?
True
Let k = 75 - 108. Let h be 18/(-72) - k/4. Suppose 3*u + 1910 = h*u. Is u composite?
True
Suppose t + 47986 = -2*z, 3*z - 21*t + 24*t + 71976 = 0. Let l = -14263 - z. Is l a composite number?
True
Suppose -4*n - 7 = -2*i + n, -i = -5*n - 11. Is ((-67)/(-4))/((i/592)/(-1)) prime?
False
Suppose 12*n - 572712 - 298644 = 0. Is n prime?
True
Let v(u) = 52*u**3 - u**2 - 3*u + 11. Suppose 29*k - 132 = -15*k. Is v(k) composite?
True
Is (-96)/112 + 286176230/70 a composite number?
True
Let j be (18/(-15))/(((-204)/40)/17). Suppose j*b - 13084 = -0*b. Is b prime?
True
Let m be (450/42 + -5)/(2/7). Is ((-12)/(-18))/(m/118290) a prime number?
True
Is (-7)/1 - (2394/(-2) - -4) a composite number?
True
Suppose -10*o = -6*o - 5*j - 1772253, 5*o - 2215270 = -3*j. Is o prime?
True
Suppose -8*h = 3*h - 22. Suppose -3*m - 3*p = -1 - h, -2*m + 5*p + 16 = 0. Suppose -v + 163 = -m*y, 5*v + 2*y - 627 = 154. Is v composite?
False
Suppose 0 = 3*s - 24 - 6. Suppose 8*f + 3*z = 4*f + 36387, 2*z - s = 0. Is (-2)/(-9) - f/(-27) a prime number?
True
Suppose 165*h - 170*h - 1405 = 0. Let k be -26*57/(-6)*2. Let v = k + h. Is v a prime number?
False
Let d(m) = m**3 - 29*m**2 + m - 45. Let y be d(29). Is -1*(-4)/(y/(-12884)) prime?
True
Suppose -72 = d - 5*d. Is -63*(-84)/d + 2 + -3 composite?
False
Let s(y) = -872*y**3 + 5*y**2 - 14*y - 67. Is s(-4) composite?
True
Let m(l) = l - 19. Let o be m(18). Is (-2)/o + (2048 - 17) a prime number?
False
Suppose -2*i + 9836 + 4804 = 0. Suppose -6*o - i = -2112. Is o/7*(-2)/8 composite?
False
Suppose 6*w - 4571799 = -51*w. Is w composite?
False
Suppose -4*h = 147*p - 145*p - 403626, -p = 1. Is h composite?
False
Let w(f) = 125*f**2 + 12*f - 5. Suppose 0 = -4*l - 4*m + 556, 3*l + 0*m - 411 = 3*m. Let z = -132 + l. Is w(z) a composite number?
False
Let l = 1342087 + -756248. Is l a prime number?
True
Let x be -14*(-2)/4 - 4. Let h be ((-216)/(-81))/(2/x). Is 78/h*1474/33 composite?
True
Suppose -8 = -5*s + 6*s. Let k be s/2 + 0 - -1231. Suppose -x - 2*x = -k. Is x a prime number?
True
Let i be 2/(-4)*(-1 - 9). Suppose 0*q = 2*q + 5*f + i, 4*f = -12. Suppose -4*j + 4*g = -6016, 8 = g - q*g. Is j prime?
False
Suppose -r - k = -9401 + 964, 2*k - 25309 = -3*r. Suppose 651*o - r = 646*o. Is o composite?
True
Is -5 + (8328/5)/((-204)/(-1360)) a prime number?
False
Suppose 0 = -3*w + 2122 + 4568. Suppose -12*k + w + 5918 = 0. Is k prime?
False
Let w(h) = -h**3 + 4*h**2 - 4*h + 3. Let o be w(3). Suppose 14*q - 2146 - 15928 = o. Is q prime?
True
Let p(g) = g**3 - g**2 - 14*g - 4. Let u be p(13). Let h = u - 782. Let c = h - 741. Is c a prime number?
False
Let p(t) = 48*t - 31. Let v(h) = -7*h - 5*h + 2*h - 1 + 9*h. Let k(y) = p(y) - 6*v(y). Is k(16) a prime number?
True
Let r be (0*3/15)/1. Suppose r = 3*o - 79 - 4790. Is o composite?
True
Let k(z) = -30*z - 23. Let v be k(-2). Let j(b) = 7 + v*b + 22*b**2 + 54*b**2 - 36*b. Is j(4) prime?
False
Let a(l) = -5909*l + 7064. Is a(-111) composite?
True
Let d(w) = 2*w**3 - 11*w**2 + 11*w - 25. Let k(x) = -4*x + 29. Let o be k(11). Let c = 24 + o. Is d(c) a composite number?
False
Suppose -22 = -2*l - 3*k - 6, 5*l - 14 = -k. Let j(m) = -25 + 31*m**2 - 10*m**l + 20*m - 35*m. Is j(-9) composite?
False
Let k(t) = -t**2 - 24*t - 3. Let q(b) = -b**3 - 28*b**2 - 28*b - 18. Let p be q(-27). Let w be 15/p - 85/15. Is k(w) a prime number?
False
Let q = -98934 + 185687. Is q a composite number?
False
Let c(t) = -t**2 - 18*t + 19. Let n be 336/(-18) - (-2)/(-6). Let k be c(n). Suppose s - 227 - 66 = k. Is s a prime number?
True
Let w be (-30)/(-4)*(2426144/24)/14. Is (w/(-35))/(-3 + 140/49) prime?
True
Suppose -3119432 = -63*l + 16*l + 5963835. Is l prime?
True
Suppose -34*q + 6718998 = 338864. Is q prime?
True
Let a(x) = -4*x + 30. Let w be a(7). Suppose w*c - 27 = 2*y - 3*c, 3*y + 5*c = 22. Is (1/(-3))/(((-2)/(-1902))/y) prime?
True
Is ((-34)/(-4) - 7)/(6/2687548) a prime number?
True
Let d = 39368 - -74745. Is d composite?
False
Let r = 2858 - 1775. Suppose 0 = -o - 5*a + 1107, 6*o + a + r = 7*o. Is o prime?
True
Is 662530 + ((-198)/72 - 6/(-8)) + 5 prime?
False
Let l be ((-748)/5)/((-8)/(-5) + -2). Let g = l - -3. Is g composite?
True
Let y(z) = z**3 + 36*z**2 - 3